bb0545b
In base 13, what is -2016 - -170?
-1b76
In base 8, what is 2 + 3477725?
3477727
In base 15, what is 1157e2 - 0?
1157e2
In base 11, what is 27 + -1a2043a?
-1a20413
In base 10, what is 0 - 1850910?
-1850910
In base 16, what is 54cc - ae0?
49ec
In base 7, what is -244342630 + 3?
-244342624
In base 5, what is 413100 + -224030?
134020
In base 10, what is 100 - -999059?
999159
In base 15, what is 167e6a1 - -10?
167e6b1
In base 12, what is -520 - 8593?
-8ab3
In base 9, what is -152 + 46287?
46135
In base 4, what is 2003 - -12203312?
12211321
In base 14, what is -553a7 + -9?
-553b2
In base 9, what is 1 - 12445261?
-12445260
In base 3, what is 2102 - -100012122011?
100012201120
In base 10, what is 164136 - 862?
163274
In base 14, what is 283cb0 + 14?
283cc4
In base 15, what is 360 - -1a086?
1a3e6
In base 11, what is -5 - -24213065?
24213060
In base 16, what is -c16 + 760?
-4b6
In base 12, what is -16 - 8b9760?
-8b9776
In base 5, what is -313114142411 - 20?
-313114142431
In base 13, what is 101c5373a + 2?
101c5373c
In base 9, what is -15115630 - -38?
-15115581
In base 7, what is 22424 - -4635?
30362
In base 4, what is -102113203222 + -1?
-102113203223
In base 12, what is -18b - 9942b?
-995ba
In base 10, what is -633462 + -599?
-634061
In base 11, what is -86076 + 1737?
-8443a
In base 4, what is -12030000011 - 13?
-12030000030
In base 6, what is 344553544 + -1?
344553543
In base 4, what is -11011001320 + -1031?
-11011003011
In base 12, what is 7 - -6b6480?
6b6487
In base 2, what is 101001001 - 110011000100111101000?
-110011000100010011111
In base 10, what is 18883 + -812?
18071
In base 8, what is 30 + 6774710?
6774740
In base 14, what is 8cbdcb9 - 4?
8cbdcb5
In base 7, what is 36240115 - 1?
36240114
In base 13, what is 0 + -ca3605?
-ca3605
In base 11, what is 2 - 27534469?
-27534467
In base 2, what is -100010011 - -10101110111011001?
10101110011000110
In base 4, what is -11313110300 + -110221?
-11313221121
In base 3, what is -1010 - 10121210111?
-10121211121
In base 14, what is -d48 + 3b17?
2bad
In base 12, what is -26 + -2b0810?
-2b0836
In base 5, what is 32013 + -141423?
-104410
In base 14, what is -10 + 21158d1?
21158c1
In base 3, what is 1101212101111110 + 11?
1101212101111121
In base 2, what is -10011100 - 1110110100011010111?
-1110110100101110011
In base 9, what is -352 - 124245?
-124607
In base 10, what is -7 - -2510161?
2510154
In base 16, what is bfff7e - 1?
bfff7d
In base 2, what is 11000001 + 1110000010?
10001000011
In base 2, what is 11111110 - 1000001000101100000?
-1000001000001100010
In base 8, what is 15601 - -13770?
31571
In base 12, what is -532371 + -2a4?
-532655
In base 8, what is -711053 - 153?
-711226
In base 2, what is 1 + 10101010101001110101110101?
10101010101001110101110110
In base 16, what is -4d4e - -2258?
-2af6
In base 9, what is -22 + 1465402?
1465370
In base 6, what is -204015 - 1545?
-210004
In base 5, what is 310231 - 1433424?
-1123143
In base 7, what is 11512563 + 42?
11512635
In base 4, what is 203133 + -232300?
-23101
In base 15, what is 57 - -547e69?
547ec1
In base 4, what is 201 + 1100232002?
1100232203
In base 10, what is -132933427 + 4?
-132933423
In base 15, what is -30b60 + -368?
-30ec8
In base 14, what is -442ccb - 2d?
-442d1a
In base 5, what is -1301031 + -434100?
-2240131
In base 5, what is 2001040004 - 14?
2001034440
In base 9, what is 0 + -2483267?
-2483267
In base 14, what is cd + -18c5a0?
-18c4b1
In base 16, what is -3536 + c1?
-3475
In base 6, what is -555133244 + 2?
-555133242
In base 14, what is -6a7136a + 2?
-6a71368
In base 7, what is 51466 + -30161?
21305
In base 4, what is 1321002 + -3321?
1311021
In base 4, what is -22 - -1330013300?
1330013212
In base 16, what is 36cb47 + 2?
36cb49
In base 14, what is 2 - -7258c7?
7258c9
In base 14, what is -2b02 + -5dd3?
-8ad5
In base 15, what is -1bb02e - c?
-1bb03b
In base 11, what is -1286663a4 - 1?
-1286663a5
In base 14, what is 0 - ca0b87d?
-ca0b87d
In base 5, what is -11342431 + -3143?
-11401124
In base 2, what is -101100111000 - 1111001101101?
-10100110100101
In base 15, what is -6 + -14c818?
-14c81e
In base 16, what is -3dcfa + -11?
-3dd0b
In base 13, what is -3 - 3c8c4?
-3c8c7
In base 4, what is -2 + 11333311113323?
11333311113321
In base 15, what is 0 - 8844d85?
-8844d85
In base 6, what is -200541321 + -154?
-200541515
In base 3, what is 1001110 + 2001012112?
2002020222
In base 13, what is 126 + -9cc48?
-9cb22
In base 14, what is -1b433 + -1b47?
-1d17a
In base 3, what is 111001202121110 + -10?
111001202121100
In base 10, what is 365188 + -337?
364851
In base 2, what is 10100111001 - 1011000011000?
-1000011011111
In base 2, what is -10100101 - -1110111000001?
1110100011100
In base 4, what is -302310 - 113310132?
-120213102
In base 16, what is 225f0e - 1a?
225ef4
In base 8, what is 31 + -757323?
-757272
In base 14, what is 5d567a2 + -5?
5d5679b
In base 2, what is 1010110010011000001000 + -10010?
1010110010010111110110
In base 3, what is -2122110010 + 101220?
-2122001020
In base 13, what is 571 + -7a72?
-7501
In base 15, what is 5ac9cc + 3b?
5aca18
In base 15, what is -28b + -806cd?
-80969
In base 10, what is -30777 + -555?
-31332
In base 10, what is 17132 + -288?
16844
In base 6, what is 4 - -11551134?
11551142
In base 9, what is -6164738 - -78?
-6164650
In base 5, what is 11 + 3421110321?
3421110332
In base 4, what is 10 + 2110233000332?
2110233001002
In base 6, what is 252 + 3411450?
3412142
In base 8, what is 11 - -15623430?
15623441
In base 14, what is -6b58 - 7c1?
-7539
In base 16, what is 16b0ffc - a?
16b0ff2
In base 5, what is -23 - 20410141?
-20410214
In base 10, what is -2 - -157732221?
157732219
In base 5, what is -1421401443120 + 4?
-1421401443111
In base 7, what is -52306 + 54?
-52222
In base 9, what is 8536206 + -18?
8536177
In base 16, what is 7912a - 52?
790d8
In base 2, what is 1111100111101111 - -1101110?
1111101001011101
In base 8, what is 10 - -24606656?
24606666
In base 2, what is 10 + -111100000111111010111?
-111100000111111010101
In base 5, what is 4123 + -142324?
-133201
In base 15, what is 4 - e28e28?
-e28e24
In base 13, what is 134 - -61824?
61958
In base 9, what is -10602 + 4014?
-5577
In base 7, what is -41441101551 - -3?
-41441101545
In base 2, what is 110111110100000001010 + -10110?
110111110011111110100
In base 12, what is 6735 + 31?
6766
In base 3, what is 222100000221 - -2?
222100001000
In base 3, what is -12010020 + -11012001201?
-11101011221
In base 8, what is 5 - -3530373?
3530400
In base 13, what is -19750 + -151?
-198a1
In base 6, what is 2 - -34405424?
34405430
In base 4, what is -3103223 - -1103120?
-2000103
In base 12, what is -11b58 + -145?
-120a1
In base 13, what is 809b3b - -1?
809b3c
In base 9, what is 7 + 33115136?
33115144
In base 13, what is -89b2 + -5c8a?
-1196c
In base 9, what is 10643 + -1831?
7712
In base 5, what is 143 - -414333030?
414333223
In base 2, what is -11 - 100000111001110001100111?
-100000111001110001101010
In base 15, what is 148 + -3eec0?
-3ed77
In base 4, what is 3310210 - 122100?
3122110
In base 16, what is -598c + 34e4?
-24a8
In base 11, what is 5 - 2690849?
-2690844
In base 11, what is 5 + -484608?
-484603
In base 3, what is 1020000 + 210111010220?
210112100220
In base 12, what is -b57a + -392?
-b950
In base 16, what is 20ea2 - 62?
20e40
In base 6, what is 45532423 - 24?
45532355
In base 16, what is -844551 + 1?
-844550
In base 12, what is -148a7500 - -4?
-148a74b8
In base 5, what is 211010144004 + -2?
211010144002
In base 4, what is -10002033000 + 30322?
-10002002012
In base 14, what is 2564 + -1665?
cdd
In base 10, what is 692 - 29053?
-28361
In base 14, what is -8d426 - -202?
-8d224
In base 2, what is 10100000011101011 + -10110?
10100000011010101
In base 14, what is -562 + 94c7?
8d65
In base 12, what is -535a8 + 856?
-52952
In base 8, what is 2 + 26777536?
26777540
In base 4, what is -1032220 - -111102100?
110003220
In base 7, what is -115 - -4661016?
4660601
In base 13, what is 4 + -3c374c?
-3c3748
In base 3, what is 1 + -222121201210202?
-222121201210201
In base 7, what is -2 - 322326230?
-322326232
In base 6, what is 132 - 101305?
-101133
In base 4, what is -3122210 - -330200?
-2132010
In base 12, what is -67a04 - -20?
-679a4
In base 8, what is -141013451 - 4?
-14101345